d by 1105.
553
Calculate the remainder when 6596 is divided by 120.
116
What is the remainder when 5742 is divided by 1895?
57
What is the remainder when 1562779 is divided by 1338?
1333
Calculate the remainder when 3433 is divided by 34.
33
What is the remainder when 118955 is divided by 19?
15
What is the remainder when 28153 is divided by 2813?
23
What is the remainder when 36779 is divided by 484?
479
Calculate the remainder when 43259 is divided by 256.
251
What is the remainder when 83239 is divided by 83127?
112
Calculate the remainder when 2659 is divided by 180.
139
What is the remainder when 157667 is divided by 22522?
13
Calculate the remainder when 11824 is divided by 25.
24
What is the remainder when 248779 is divided by 28?
27
What is the remainder when 596771 is divided by 548?
547
Calculate the remainder when 2486 is divided by 342.
92
Calculate the remainder when 6410 is divided by 1994.
428
Calculate the remainder when 3957 is divided by 55.
52
What is the remainder when 2848 is divided by 335?
168
What is the remainder when 83709 is divided by 41847?
15
What is the remainder when 1509 is divided by 1501?
8
Calculate the remainder when 9645 is divided by 66.
9
Calculate the remainder when 130712 is divided by 30.
2
What is the remainder when 53123 is divided by 793?
785
What is the remainder when 138175 is divided by 544?
543
Calculate the remainder when 33634 is divided by 224.
34
Calculate the remainder when 479 is divided by 243.
236
Calculate the remainder when 13914 is divided by 660.
54
Calculate the remainder when 624381 is divided by 72.
69
What is the remainder when 3666 is divided by 3132?
534
Calculate the remainder when 720879 is divided by 27.
6
Calculate the remainder when 780569 is divided by 49.
48
Calculate the remainder when 343 is divided by 164.
15
What is the remainder when 47348 is divided by 7?
0
What is the remainder when 13374 is divided by 789?
750
What is the remainder when 4672 is divided by 702?
460
Calculate the remainder when 4006 is divided by 109.
82
Calculate the remainder when 3271 is divided by 88.
15
Calculate the remainder when 4312 is divided by 83.
79
Calculate the remainder when 22375 is divided by 246.
235
What is the remainder when 4462 is divided by 2207?
48
Calculate the remainder when 501929 is divided by 390.
389
What is the remainder when 16552 is divided by 1264?
120
What is the remainder when 3846 is divided by 207?
120
Calculate the remainder when 7141 is divided by 1426.
11
What is the remainder when 19685 is divided by 174?
23
What is the remainder when 21301 is divided by 25?
1
Calculate the remainder when 242290 is divided by 331.
329
What is the remainder when 62432 is divided by 1476?
440
Calculate the remainder when 904 is divided by 150.
4
Calculate the remainder when 85934 is divided by 4773.
20
Calculate the remainder when 38947 is divided by 602.
419
What is the remainder when 6652 is divided by 1621?
168
Calculate the remainder when 45177 is divided by 185.
37
What is the remainder when 172908 is divided by 43224?
12
Calculate the remainder when 186980 is divided by 16990.
90
What is the remainder when 12097 is divided by 12059?
38
What is the remainder when 12482 is divided by 1345?
377
Calculate the remainder when 10011 is divided by 237.
57
Calculate the remainder when 115166 is divided by 1828.
2
Calculate the remainder when 11480 is divided by 359.
351
What is the remainder when 15435 is divided by 242?
189
Calculate the remainder when 15065 is divided by 655.
0
Calculate the remainder when 301938 is divided by 27.
24
What is the remainder when 67867 is divided by 55?
52
What is the remainder when 831901 is divided by 415947?
7
What is the remainder when 54294 is divided by 4524?
6
What is the remainder when 1292 is divided by 1234?
58
What is the remainder when 3940 is divided by 136?
132
Calculate the remainder when 639738 is divided by 70.
8
What is the remainder when 147096 is divided by 71?
55
Calculate the remainder when 1337 is divided by 1285.
52
Calculate the remainder when 17090 is divided by 234.
8
What is the remainder when 1091 is divided by 146?
69
Calculate the remainder when 40185 is divided by 7.
5
What is the remainder when 39948 is divided by 235?
233
Calculate the remainder when 632 is divided by 228.
176
Calculate the remainder when 36542 is divided by 53.
25
What is the remainder when 2469 is divided by 411?
3
Calculate the remainder when 234700 is divided by 234.
232
What is the remainder when 361 is divided by 236?
125
Calculate the remainder when 58412 is divided by 19469.
5
What is the remainder when 43091 is divided by 19?
18
What is the remainder when 3538 is divided by 268?
54
Calculate the remainder when 2602 is divided by 533.
470
What is the remainder when 4512 is divided by 40?
32
Calculate the remainder when 62782 is divided by 1750.
1532
What is the remainder when 17542 is divided by 118?
78
What is the remainder when 48306 is divided by 584?
418
Calculate the remainder when 340021 is divided by 337.
325
Calculate the remainder when 19031 is divided by 368.
263
Calculate the remainder when 29986 is divided by 30.
16
Calculate the remainder when 7911718 is divided by 229.
226
What is the remainder when 25017 is divided by 602?
335
What is the remainder when 2054 is divided by 235?
174
What is the remainder when 4307 is divided by 983?
375
What is the remainder when 45017 is divided by 1023?
5
What is the remainder when 1038 is divided by 881?
157
What is the remainder when 148955 is divided by 142?
139
What is the remainder when 950 is divided by 121?
103
Calculate the remainder when 9012927 is divided by 32.
31
What is the remainder when 9216 is divided by 1530?
36
Calculate the remainder when 11268 is divided by 245.
243
What is the remainder when 66975 is divided by 182?
181
Calculate the remainder when 1583 is divided by 22.
21
What is the remainder when 2059 is divided by 23?
12
Calculate the remainder when 2562827 is divided by 187.
179
What is the remainder when 152336 is divided by 45?
11
What is the remainder when 63418 is divided by 9?
4
What is the remainder when 4105 is divided by 840?
745
Calculate the remainder when 6826 is divided by 27.
22
What is the remainder when 809883 is divided by 66?
63
What is the remainder when 7771 is divided by 2816?
2139
Calculate the remainder when 19700 is divided by 135.
125
Calculate the remainder when 37014 is divided by 9252.
6
What is the remainder when 5536 is divided by 1071?
181
Calculate the remainder when 14844 is divided by 14840.
4
What is the remainder when 66694 is divided by 145?
139
Calculate the remainder when 5169 is divided by 517.
516
What is the remainder when 13555 is divided by 125?
55
Calculate the remainder when 138276 is divided by 8.
4
Calculate the remainder when 22432 is divided by 3732.
40
What is the remainder when 65120 is divided by 443?
442
Calculate the remainder when 7747 is divided by 466.
291
What is the remainder when 8850 is divided by 224?
114
What is the remainder when 259603 is divided by 4?
3
What is the remainder when 31258 is divided by 844?
30
Calculate the remainder when 394458 is divided by 168.
162
Calculate the remainder when 54203 is divided by 154.
149
What is the remainder when 972 is divided by 43?
26
What is the remainder when 13141 is divided by 8?
5
Calculate the remainder when 11227 is divided by 101.
16
What is the remainder when 95138 is divided by 27?
17
Calculate the remainder when 842 is divided by 417.
8
What is the remainder when 984 is divided by 10?
4
Calculate the remainder when 43501 is divided by 9.
4
Calculate the remainder when 310858 is divided by 90.
88
Calculate the remainder when 5611 is divided by 36.
31
Calculate the remainder when 3971229 is divided by 278.
277
What is the remainder when 293 is divided by 82?
47
What is the remainder when 2644 is divided by 658?
12
Calculate the remainder when 46149 is divided by 23049.
51
What is the remainder when 4827 is divided by 345?
342
What is the remainder when 878 is divided by 140?
38
Calculate the remainder when 25571 is divided by 25553.
18
What is the remainder when 51981 is divided by 456?
453
Calculate the remainder when 22056 is divided by 1837.
